
In base 5, what is -2 + 1021?
1014
In base 8, what is 2 + 2350?
2352
In base 14, what is -64d + 4?
-649
In base 5, what is -113 + -12?
-130
In base 8, what is -5 + -616?
-623
In base 14, what is 1 + -3bd?
-3bc
In base 5, what is 202 - -2?
204
In base 11, what is 0 + 118?
118
In base 2, what is -1010 - -100010?
11000
In base 9, what is 4 + -28?
-24
In base 13, what is -8 + 30?
25
In base 9, what is -81 - 4?
-85
In base 12, what is -10 - -68?
58
In base 3, what is -1 - 111?
-112
In base 10, what is -5 - -1825?
1820
In base 8, what is 710 + -3?
705
In base 8, what is -5136 + 4?
-5132
In base 12, what is -5 + -a70?
-a75
In base 3, what is 10 - -10020?
10100
In base 11, what is 217 + 4?
220
In base 13, what is 38 + 4?
3c
In base 14, what is -3c - -25c?
220
In base 9, what is 535 - -4?
540
In base 16, what is -17 - -bc?
a5
In base 11, what is 1 - a7a?
-a79
In base 5, what is -21 + 22?
1
In base 4, what is -100332 + 0?
-100332
In base 15, what is -83 - 17?
-9a
In base 10, what is -46 - -11?
-35
In base 15, what is 0 - 7?
-7
In base 14, what is 2a + 7?
33
In base 7, what is -5 + -143?
-151
In base 5, what is -131 + -2103?
-2234
In base 5, what is -42110 + -1?
-42111
In base 10, what is -23 - 5?
-28
In base 3, what is -11122 + 1?
-11121
In base 6, what is 132535 + 1?
132540
In base 11, what is -749 - 2?
-750
In base 3, what is 10 + 11200?
11210
In base 3, what is 11002 + -220?
10012
In base 9, what is -3 - -806?
803
In base 16, what is -8a + 2?
-88
In base 11, what is 3 + 127?
12a
In base 2, what is -11 - 10110001?
-10110100
In base 2, what is -10010 + -10?
-10100
In base 8, what is 12 - -17?
31
In base 15, what is 128 + 5?
12d
In base 7, what is 4 + -214?
-210
In base 7, what is 505 + -11?
464
In base 5, what is 2404 + 1?
2410
In base 8, what is 20 + -26?
-6
In base 15, what is 3 - -673?
676
In base 8, what is 37 - 1?
36
In base 5, what is 13212 - 4?
13203
In base 16, what is 5 - -e04?
e09
In base 11, what is 0 - -20a?
20a
In base 13, what is 17 - -1?
18
In base 15, what is 207 + -4?
203
In base 2, what is 100 + 1110111?
1111011
In base 3, what is 1 - -21?
22
In base 15, what is -1b - -5?
-16
In base 12, what is -180 + -44?
-204
In base 7, what is 355 - -3?
361
In base 7, what is -3 + -363?
-366
In base 8, what is 43 + 227?
272
In base 3, what is 10 + -2221?
-2211
In base 7, what is 1 + 3?
4
In base 8, what is 440 - -3?
443
In base 11, what is -1 + 39?
38
In base 4, what is -22 - 2021?
-2103
In base 14, what is 2cd + 12?
301
In base 12, what is -148 - -3?
-145
In base 2, what is 10101 - 111000001?
-110101100
In base 5, what is 1022 + -4?
1013
In base 8, what is -1500 + 1?
-1477
In base 15, what is 15 - -4?
19
In base 2, what is 11 - -100110?
101001
In base 9, what is -22 - -126?
104
In base 12, what is 2 + -685?
-683
In base 10, what is -3 + -145?
-148
In base 14, what is 135 + -19?
11a
In base 12, what is 1 + -583?
-582
In base 8, what is -157 + -3?
-162
In base 12, what is -5 + 204?
1bb
In base 6, what is 21 - -1523?
1544
In base 6, what is -2543 - 5?
-2552
In base 12, what is 4 - -2b?
33
In base 2, what is -11000110 - -1011111?
-1100111
In base 2, what is 100 + -10111?
-10011
In base 13, what is 33 - -3?
36
In base 11, what is -a66 - -2?
-a64
In base 6, what is 3 - -25310?
25313
In base 15, what is 79 + 0?
79
In base 15, what is 5 - 22da?
-22d5
In base 11, what is 1 + -860?
-85a
In base 9, what is -508 - -4?
-504
In base 5, what is -1014 + -3?
-1022
In base 13, what is -45 + -4?
-49
In base 14, what is -86 - 1?
-87
In base 16, what is -4 - -8e?
8a
In base 2, what is -10 - -110110101?
110110011
In base 13, what is 7 - -8?
12
In base 14, what is 1254 + -1?
1253
In base 11, what is 6 + -500?
-4a5
In base 11, what is -87 + 90?
4
In base 9, what is 51 + 10?
61
In base 15, what is 684 - 7?
67c
In base 7, what is -3 - -45?
42
In base 11, what is 4 - 273?
-26a
In base 13, what is 2 + -c60?
-c5b
In base 14, what is 14 - 22?
-c
In base 12, what is -5a7 + 12?
-595
In base 12, what is -a3 - 18?
-bb
In base 15, what is 3 + 6e?
72
In base 5, what is 2032 - 3?
2024
In base 3, what is 12021121 + -1?
12021120
In base 4, what is -12 + -122?
-200
In base 5, what is 2321 - 1?
2320
In base 13, what is -128 + 0?
-128
In base 8, what is -117713 + -5?
-117720
In base 16, what is f6 - 1?
f5
In base 4, what is -100 + -32?
-132
In base 11, what is -23 + -246?
-269
In base 12, what is 1353 - -4?
1357
In base 14, what is c4 + 4?
c8
In base 9, what is 1 - 288?
-287
In base 11, what is 631 - -4?
635
In base 8, what is -2 + 72?
70
In base 13, what is -1840 - 0?
-1840
In base 7, what is -1 - 12124?
-12125
In base 15, what is -21 - -b?
-15
In base 12, what is 5 + 51?
56
In base 3, what is -202 - 102?
-1011
In base 8, what is -2 - 43?
-45
In base 10, what is 941 - 4?
937
In base 6, what is -13 + -1344?
-1401
In base 3, what is -1111 - -211?
-200
In base 12, what is -388 + 5?
-383
In base 15, what is d1 - 3?
cd
In base 12, what is 4 + -618?
-614
In base 9, what is 211 - 4?
206
In base 6, what is 5 + 11511?
11520
In base 6, what is -2423 + -1?
-2424
In base 7, what is 1621 + -3?
1615
In base 4, what is -1200 - -2031?
231
In base 4, what is -2 + 1203?
1201
In base 8, what is 0 + -32?
-32
In base 12, what is -283 + 1?
-282
In base 10, what is -3 - 2876?
-2879
In base 4, what is 3 - -1012?
1021
In base 3, what is 0 - -210000?
210000
In base 15, what is -1dd4 - -3?
-1dd1
In base 7, what is 5 + -21?
-13
In base 5, what is 31 + 1440?
2021
In base 3, what is 10 - -220?
1000
In base 11, what is -72 + -7?
-79
In base 2, what is 1101111100 - 11011?
1101100001
In base 3, what is 100000 + 1212?
101212
In base 7, what is 13 + 255?
301
In base 4, what is -231 + -1?
-232
In base 9, what is 3 - 5513?
-5510
In base 9, what is 507 + -5?
502
In base 11, what is -36 - -86?
50
In base 6, what is -21323 + -4?
-21331
In base 13, what is -5b + 3?
-58
In base 7, what is -15000 - -11?
-14656
In base 6, what is -4 + 1544?
1540
In base 4, what is 2 - 102213?
-102211
In base 14, what is 43 + 1?
44
In base 8, what is -3 - -572?
567
In base 9, what is 51 + 30?
81
In base 3, what is 0 - -20101?
20101
In base 3, what is -1102121 - -2?
-1102112
In base 15, what is 5cc - -3?
5d0
In base 13, what is -43 + 19?
-27
In base 12, what is -389 + 22?
-367
In base 12, what is -7 - -57?
50
In base 2, what is 111 + 111100101?
111101100
In base 14, what is b5 + 5?
ba
In base 14, what is 6 - -11?
17
In base 5, what is 140232 - 4?
140223
In base 13, what is 24 + 103?
127
In base 4, what is -13010 + -2?
-13012
In base 14, what is -86 + 2a?
-5a
In base 10, what is 5 - 108?
-103
In base 2, what is 10 + -110000111110?
-110000111100
In base 10, what is 8 + 34?
42
In base 9, what is -650 + -7?
-657
In base 9, what is 5574 - 4?
5570
In base 6, what is -224434 + -5?
-224443
In base 5, what is 4440 - 10?
4430
In base 7, what is 1 + 231?
232
In base 4, what is 2 - -11132?
11200
In base 7, what is 5 - -1522?
1530
In base 15, what is 5 + 15?
1a
In base 6, what is -30222 + -2?
-30224
In base 5, what is -302 + 10?
-242
In base 5, what is 30 - -10?
40
In base 3, what is 100 + -12?
11
In base 3, what is 2 - 1100201?
-1100122
In base 7, what is -141 - 20?
-161
In base 6, what is -22311 - 0?
-22311
In base 16, what is -12d - 0?
-12d
In base 15, what is 3 + -2c?
-29
In base 15, what is -1 - -21?
20
In base 12, what is 4 + 105?
109
In base 6, what is 242 - -5?
251
In base 5, what is -4 - 2130?
-2134
In base 10, what is 8 + 1115?
1123
In base 14, what is -17 + 1?
-16
In base 15, what is 0 + 0?
0
In base 16, what is -39 + 40?
7
In base 15, what is 15e - 2?
15c
In base 5, what is -40100 + -2?
-40102
In base 5, what is -1313 + 111?
-1202
In base 4, what is -102 + -31?
-133
In base 14, what is -1c5 - 9?
-1d0
In base 7, what is 3202 + -11?
3161
In base 8, what is 227 + -1?
226
In base 7, what is 2240 + 10?
2250
In base 8, what is 43220 + -1?
43217
In base 10, what is 12864 - -3?
12867
In base 2, what is 100 + 1000010?
1000110
In base 13, what is -24 + c?
-15
In base 2, what is 10100100 + -10010001?
10011
In base 11, what is -128 + -3?
-130
In base 15, what is 204 - -7?
20b
In base 14, what is 0 - 1d9?
-1d9
In base 13, what is -11 + 148?
137
In base 12, what is -1 + 207?
206
In base 4, what is 11220 - 1?
11213
In base 7, what is 12 - 345?
-333
In base 4